3*b + b**2 + 1 + c*b - 4*b. Determine w(-4).
5
Let f(j) be the third derivative of j**4/24 - 7*j**3/6 - j**2. Let x(d) = -4*d**2 + 74*d - 31. Let p be x(18). What is f(p)?
-2
Let s(j) = -66*j - 729. Let m be s(-11). Let r(x) be the second derivative of 0 - x**2 - 1/6*x**4 - 5/6*x**3 + 2*x. Give r(m).
-5
Let p = -37 + 39. Let n be 5 + p + (-36)/9. Let c(a) = -a**3 + a**2 + 2*a + 2. Calculate c(n).
-10
Let t(s) be the third derivative of s**5/60 - 11*s**4/24 - 11*s**3/3 + 487*s**2. What is t(12)?
-10
Let w be 12/(-6) + (7 - 3). Suppose -5*b = -w*b. Let f(j) = j**3 - j**2 + j - 6. Determine f(b).
-6
Let i(a) = -2*a - 8*a**2 + 0*a + 3 + 2*a + 4*a**2 - a. Determine i(-3).
-30
Let o be 5/(10/3)*2. Let w(b) = -2*b**o - 3*b**3 - 1 + 2*b - 2*b. Suppose -5*l + 11 = 6*l. What is w(l)?
-6
Let z(m) = -m**2 - m + 4. Suppose 26*l - 56 = 19*l. Suppose -4*t + 4*y = l, -4*y = 5*t - 6 + 25. Determine z(t).
-2
Let i(f) = -2*f**2 - 2*f + 2. Let p be i(-2). Let s(z) = 783*z - 1568*z + 783*z + 4*z**2. Calculate s(p).
20
Let t(c) = -2*c**3 + 2*c**2 + 3*c - 2. Let v(h) = 9*h - 11. Let x be v(2). Suppose 5 - x = -j. Determine t(j).
-4
Suppose -39*s - 32 = -47*s. Let m(f) = -7*f + 4. What is m(s)?
-24
Let f(w) be the third derivative of w**6/120 - w**5/12 + w**4/8 - w**3/6 + 2*w**2. Let m(x) = 3*x + 134. Let q be m(-43). What is f(q)?
14
Let h(x) = 1 - 5 - 2*x - 2 - x**2 + 8. Calculate h(-6).
-22
Let q(l) = -3 + 4*l - l + l. Let x(v) = v**2 - 9*v - 73. Let p be x(14). What is q(p)?
-15
Let o(x) = -x**3 - 6*x**2 - 6. Let f be (1 - (-2)/(-4))*70. Let d = 29 - f. What is o(d)?
-6
Suppose -114 - 136 = -50*k. Let r(f) = f**2 - 7*f + 9. Give r(k).
-1
Let v be (-2)/6*(-9 + 9). Let r(i) = -i**2 + 2*i + 3. Calculate r(v).
3
Let q(y) be the third derivative of -7/6*y**3 + 0*y - 1/12*y**5 - 1/24*y**4 + 0 + 1/120*y**6 + 16*y**2. What is q(6)?
23
Suppose -2*g - 3*m + 21 = 4, -5*m + 35 = 5*g. Suppose 0 = -g*i - 2*s - 9 - 5, 4*s + 12 = -4*i. Let q(r) = -r**3 - 3*r**2 + 5*r + 5. Give q(i).
1
Let r(d) = 4*d + 3*d - 4*d - 2*d - 2886 + 2874. Determine r(12).
0
Suppose 3*f - 3*v = -6, 4*f - 3*v + 2*v = -17. Let n(d) = d - 2. Calculate n(f).
-7
Let h(j) = -j**2 + 11*j + 3. Let y be -3 - (1/(-1))/((-28)/(-308)). Calculate h(y).
27
Let m(x) = -4*x - 37. Let p be m(-9). Let t(j) be the first derivative of 2 - j + 5/2*j**2. Calculate t(p).
-6
Let m(i) = -9*i + 8. Let s(o) = 16*o - 16. Let c(q) = 7*m(q) + 4*s(q). Give c(-7).
-15
Let c(v) = -v**3 - 4*v**2 + 5*v + 17. Let x be c(-3). Let o(h) be the second derivative of h**4/12 + h**3 - h**2/2 + 4*h. What is o(x)?
6
Let p(v) = v - 13. Let u(w) = 1. Let i(q) = -p(q) - 6*u(q). Let m be i(-6). Let k = m - 17. Let n(b) = -2*b**2 - 5*b + 2. What is n(k)?
-10
Let v(c) = -c + 4. Suppose 4*g - 2*g = -f, 5*f = -2*g + 32. Give v(f).
-4
Suppose 2*z - 4*x + 20 = 0, -x + 6*x = -2*z + 16. Let k be (0 + 1)*z + 8. Let v(c) = -5 - k*c + 0 - c**3 + 6*c. Determine v(0).
-5
Let i(s) = 25*s**2 + 78*s + 116. Let x(a) = 9*a**2 + 27*a + 39. Let l(v) = -4*i(v) + 11*x(v). Determine l(-11).
9
Let b(d) be the first derivative of -d**3/3 + 9*d**2/2 - 2*d + 597. Calculate b(7).
12
Let g(o) be the third derivative of 0 + 7/6*o**3 + 0*o + o**2 + 1/4*o**4 + 1/60*o**5. Give g(-5).
2
Let r(p) = -23*p**2 + 11. Let f(h) be the second derivative of -11*h**4/12 + 5*h**2/2 + h. Let c(d) = -13*f(d) + 6*r(d). Calculate c(-1).
6
Let h(g) = 3*g - 2. Let n = -9 + 13. Suppose 4*l + 3*m = -20, -n*l + 4*m = -l - 10. Determine h(l).
-8
Let z(o) = -3*o**3 + 9*o**2 - 12*o + 6. Let c(i) = 11*i**3 - 27*i**2 + 37*i - 18. Let a(k) = 2*c(k) + 7*z(k). Calculate a(-10).
6
Let o(j) = 2*j**2 + 7*j - 8. Suppose -20*r = -17*r - 39. Suppose r*h + 36 = 7*h. Calculate o(h).
22
Suppose -11*r + 7 = -12*r. Let k(v) = -v**3 - 8*v**2 - 9*v + 3. Calculate k(r).
17
Let j(c) = -c**3 - 18*c**2 - 5. Let f be j(-18). Let o(m) = -m - 2. Calculate o(f).
3
Let t(v) = v**3 - 8*v**2 + 7*v - 5. Let x(q) = -5*q**2 - 8*q. Let f(g) = g**2 - g + 1. Let j(i) = -6*f(i) - x(i). Let b be j(13). Calculate t(b).
-5
Let y(t) = -8*t + 2. Suppose -4*l = -2*l + 8. Let c be (-3)/6 + 6/l. Give y(c).
18
Let c(p) = -p**2 - 11*p - 4. Let y(b) be the first derivative of -8*b - 2/3*b**3 - 8 - 23/2*b**2. Let w(n) = -7*c(n) + 3*y(n). What is w(-5)?
-11
Let p(l) = l**3 + 7*l**2 + 3*l - 6. Suppose 0 = 4*o - o - 2*i + 216, 3*o - i + 219 = 0. Let c = 42 + o. Let g = c - -26. Determine p(g).
12
Let y(g) = -16*g**2 + 4*g - 3. Let c(p) = -9*p - 52. Let d be c(-6). Determine y(d).
-59
Let w(u) = u**2 + 8*u + 8. Let g(h) = -h**3 - 14*h**2 - 9*h + 8. Let t be g(-13). Let r be (-74)/(-259) - t/(-7). Determine w(r).
-4
Let s(o) be the second derivative of -o**4/12 - o**3/2 + o**2/2 - 47*o. Let k(p) = 2*p**2 + 3*p - 2. Let l(r) = 2*k(r) + 3*s(r). Calculate l(3).
-1
Suppose 0 = 3*y + k - 13, 5*y - 5*k - 29 = -3*k. Let l(f) be the second derivative of 0 - 1/6*f**3 - 6*f + 7/2*f**2. Determine l(y).
2
Let x = -259 + 263. Let s(a) = 2*a**2 - 3*a. Let l be s(2). Suppose x*f + l = 5*q + 13, -2*f = 3*q + 11. Let p(n) = 9*n**2 + n + 1. What is p(f)?
9
Let r(m) = -m**2 + 8*m - 3. Let y(x) = x**3 - 5*x**2 + 11*x - 8. Let w be y(3). Determine r(w).
4
Let c be 39/(-15) - -3 - 66/15. Let h(a) = 5 + a + 5 - 1. Calculate h(c).
5
Let n(p) be the third derivative of -21*p**2 + 1/6*p**4 + 0 - 1/30*p**5 + 0*p - 1/6*p**3 - 1/120*p**6. Give n(-3).
-4
Let n(b) = -5*b + 31. Let a be n(7). Let q(w) = -11*w - 6. What is q(a)?
38
Let x(r) = 4631 + 4640 - 2*r - 9287. Calculate x(-17).
18
Let z(q) = -24*q**2 - 18*q. Let c(k) = -11*k**2 - 8*k. Let t(o) = 13*c(o) - 6*z(o). What is t(-5)?
5
Let y(r) be the first derivative of -r**2/2 - 6*r + 136. Give y(-3).
-3
Let b = 333 - 338. Let s(r) = -5*r - 6. Give s(b).
19
Let z(d) = 138*d + 1100. Let n be z(-8). Let i(y) be the second derivative of y**5/20 + 5*y**4/12 + y**3 + 3*y**2 - y. What is i(n)?
-2
Let t(v) = -v**2 + 5*v - 3. Suppose 4*i - 19 = -5*x, 4*x - 3*i - 2 = 7. Let o be t(x). Let r(k) = -4*k + 4. Give r(o).
-8
Let c(q) = -q + 6. Let w(g) = -2*g**2 + 3*g - 2. Let t be w(-2). Let a be t/(-5) + (-5)/25. Calculate c(a).
3
Let p(y) = -166 - 166 - 162 + y + 486 - 8*y. Give p(-3).
13
Let m(q) = 17*q + 2*q**3 - 7*q**3 + 11*q**3 + 2*q**3 - 7*q**3 + 17*q**2 + 15. Give m(-16).
-1
Suppose -4*n = -h - 0*n - 1, 0 = 2*h - 3*n + 2. Let o be -5*(h/1 + 0). Let p(j) = -j**2 + 4*j - 2. What is p(o)?
-7
Let r(j) = 11 - 2 - 8 - 2 + 22*j. Calculate r(1).
21
Let o = 15 + -16. Let s be (6 - -2)*-2*o/(-2). Let y(f) = f**2 + 7*f - 4. Calculate y(s).
4
Let c = -73 + 61. Let v be 20/6*c/50*5. Let d(a) = 2*a**2 + 3*a - 4. Give d(v).
16
Suppose 0 = -4*n + 4 + 4. Let o(y) = -y**3 + 3*y**2 - 3*y + 2. Let t be o(n). Suppose t = 4*h + h + 5. Let r(w) = -8*w**3 + 1. Determine r(h).
9
Let b(h) = -h + 3. Suppose -2 = -3*z + 4. Let q be 5 - 6/(5 - 3). Suppose -z*m + 7 = 3*x + q, -11 = -3*m - x. Calculate b(m).
-1
Suppose -8*l + 4*l = -128. Suppose 0*r - 4*r + l = 0. Let t(d) = d - 9. Determine t(r).
-1
Let y(l) = -l**3 - 7*l**2 + 10*l - 4. Let h = 724 - 732. Calculate y(h).
-20
Let h(k) be the first derivative of -13*k**5/20 - k**4/6 - k**3/3 - k**2/2 - 31*k + 11. Let p(t) be the first derivative of h(t). Give p(-1).
12
Suppose 0 = -24*t + 33*t - 27. Let c(k) = k**2 + 2*k + 3. What is c(t)?
18
Suppose -8*a - 88 = -12*a. Let x be (-7)/(-2) - (-11)/a. Let r(s) = x*s - 3*s - 2*s - 8 + 0*s. Calculate r(-7).
-1
Let r = 34 + -30. Suppose 0 = 4*c + 5*k + 35, 0 = -4*k + r. Let l(h) = h**2 + 10*h - 5. What is l(c)?
-5
Let w(f) = 86 + f - 10*f**2 - 46 - 7*f**2 - 40. Give w(-2).
-70
Let x(p) = -4*p**3 - p**2. Let k(t) = -t**3 - 16*t**2 - 14*t + 14. Let l be 2 + (20 - (-2 - -3)). Let f = l - 36. Let q be k(f). Calculate x(q).
3
Let a(k) = k**2 - 4*k. Let i be a(4). Let w(q) = -7*q**2 - 1820 + 1824 + 6*q**2 - q**3. Give w(i).
4
Let s(n) = -n**2 + 8*n + 1. Let d(a) = a. Let o(z) = z. Let x(m) = 2*d(m) - o(m). Let u be (-18)/(-14) + 4/(-14). Let y(t) = u*s(t) - 6*x(t). Give y(4).
-7
Let s(x) = x**3 + 6*x**2 - 2*x - 8. Let o be s(-6). Let g(q) = -1 + 4*q**2 + 5*q - 9*q - q**3 + 4. Determine g(o).
-13
Let y = -3 - -9. Let c(g) = -1. Let t(j) = -j - 1. Let r(l) = -2*c(l) + t(l). Determine r(y).
-5
Let d = -45 + 48. Let p(a) be the first derivative of -1/3*a**d + 4 - 3*a**2 + 0*a. What is 